+ -2
1
Calculate (9 - 11) + 10 + -4.
4
Evaluate -8 + 0 + 12 - 0.
4
Evaluate -11 - ((8 - 6) + -7).
-6
-2 + 4 - (-26 + 23)
5
What is -6 - (1 - 1 - 4) - 2?
-4
1 - 1 - (-9 + (16 - 10))
3
Calculate 2 + -8 + 0 - -5.
-1
Evaluate 9 + -7 - (1 - -2).
-1
What is -2 + (-5 - (-4 + -5) - 3)?
-1
5 - (8 + 1 + (4 - 4))
-4
Evaluate -26 + 21 - (-9 - 3).
7
Evaluate 5 - (1 + (3 - (4 - 1))).
4
What is the value of 1 - (-3 - (0 - (4 + -1)))?
1
2 + -2 + 1 + 3 + -6
-2
What is the value of (2 - -4) + (4 - 9)?
1
1 + (9 - 6) + -8
-4
What is 13 - 19 - (2 + -4)?
-4
What is the value of 1 + 3 - (8 - -1)?
-5
What is -10 - (-4 - (3 - 0))?
-3
What is 5 - (-4 - -14) - -1?
-4
-5 - (-4 + -1) - -1
1
What is the value of 2 + -7 - (-5 + 1)?
-1
6 + -17 + 9 + 5 + 1
4
(1 - -8) + -4 + -1
4
Evaluate -1 + (3 - (4 - 1 - 2)).
1
What is -1 - (2 + 0 - -1)?
-4
Calculate 4 + -1 - (15 + -14).
2
Evaluate -5 - ((4 - 1) + -8).
0
(1 - (-5 + 3)) + -8 + 4
-1
Evaluate 4 + (-4 - (6 - 2)).
-4
What is (1 + 5 - 1) + -4?
1
Calculate 7 - ((0 - -1) + 1) - 4.
1
What is the value of (0 - (1 - 0)) + (-214 - -215)?
0
What is (39 - 35) + (0 + 4 - 1)?
7
-4 - (2 + 8 + -7 - 1)
-6
What is the value of 3 + -9 + 4 - 1?
-3
(-7 - -12) + -8 + (-1 - -3)
-1
Calculate -21 + 19 - (-13 + 3).
8
What is (-8 - -1) + 3 + 6?
2
Calculate (-13 - 5) + 10 + (2 - 1).
-7
-3 - 2 - (-1 - 2 - -3)
-5
What is the value of (-7 + 7 - (5 + 2)) + 2?
-5
Evaluate 4 + 1 + -5 + -5.
-5
(-2 - 0) + -4 + 3 - -7
4
Calculate -2 - -6 - (18 + -16).
2
What is -6 + -6 + 7 + -1?
-6
Calculate (0 - 7) + -36 + 50 + -7.
0
Evaluate (1 - 6) + -28 + 33.
0
What is 0 - (3 + (-2 - 0) + -5)?
4
What is (-10 - (-4 - 0)) + 1 - -11?
6
Calculate -13 - -8 - (-3 + -2).
0
1 - 2 - (3 + 1)
-5
Calculate -2 + 9 - (-19 - -19).
7
What is the value of -9 + (6 - 8) + 10?
-1
Evaluate 4 - ((-3 - -9) + 1).
-3
What is the value of 9 - (-1 - 0 - -5)?
5
What is -1 - 10 - (-4 + 2 - 3)?
-6
What is 3 + 1 - (-5 - 0 - -3)?
6
5 - (-4 + -2 + 5 + 3)
3
3 + 5 + (3 - 13)
-2
Evaluate -7 + 0 + (0 - -7).
0
What is 2 + 0 + 2 - 8?
-4
-7 + -1 + -2 + 5
-5
-4 - (-8 + 2 + 2) - 3
-3
What is 3 - (-14 + -1 - (16 - 24))?
10
Calculate -7 - (-9 + (-9 - -6)).
5
Calculate 0 + 2 + 2 + -1 + -9.
-6
What is the value of 1 + -15 + 5 + 1 + 3?
-5
4 + 0 + (-11 - -11) + -1
3
What is 13 + -5 + -3 - 8?
-3
Calculate 2 + -5 + 6 - (3 + -1).
1
What is the value of (-2 - (2 + -3)) + 5 + -3?
1
Calculate -13 + 16 + -1 + -8 - -7.
1
-2 - (-22 + 15 + (1 - -12))
-8
What is (-11 - -2) + (3 - -2) + -2?
-6
What is the value of -6 - (-2 - (-1 - -2))?
-3
What is -30 - -35 - (1 - 1)?
5
Calculate -2 - (-4 + 4) - -2.
0
(14 - 0) + (-10 - 1)
3
What is the value of -5 + 10 + (0 - 5)?
0
42 + -50 - (-13 + 0)
5
Calculate 2 + (-3 - 0) + (-5 - -1).
-5
Calculate -5 - (-7 + 1 + 3).
-2
Evaluate -3 + (-6 - -5) + 9.
5
Calculate 1 - 13 - (-3 - 1).
-8
Calculate (-1 - -1) + -1 - (59 - 58).
-2
Evaluate -5 - ((-5 - (3 - 6)) + -3).
0
What is the value of 9 - (14 + -3 + 4)?
-6
Evaluate (-4 - 1) + 0 + 0.
-5
What is -2 + 4 + (-9 - -1)?
-6
Evaluate -6 + 17 + -8 + (0 - -4).
7
What is the value of 5 + (-3 - 17) - -8?
-7
Calculate 4 - (2 + (-3 - 0)).
5
-42 - -49 - (6 - (-1 - -2))
2
Calculate (-4 - -11) + -4 + -1.
2
Evaluate -7 + 4 + 1 + -4.
-6
What is -2 + (-4 - (-4 - 7 - -2))?
3
What is -5 - (-4 + (0 - -2 - -1))?
-4
Calculate 3 - (6 + -10) - (2 + 0).
5
Calculate (3 - -3 - 11) + 2 + 3.
0
Evaluate 7 - (27 + -9 + -6).
-5
Evaluate (-14 - -14) + (-1 - 1) - -2.
0
Evaluate 5 - -1 - (2 - 1).
5
6 - (8 + (-8 - -12))
-6
-1 - (-5 + (11 - (1 + 2)))
-4
What is the value of 0 + 0 + (1 + 5 - 10)?
-4
What is the value of -2 - (0 + 0 + 4 + -10)?
4
What is the value of -5 - 1 - (10 + -13)?
-3
Evaluate (-4 - -12) + (11 - 17).
2
14 + -4 + -1 + -5
4
What is -3 + -3 + (2 - -4)?
0
What is -5 + 2 + -4 - -12?
5
What is 5 - (-2 + -2 - (-17 - -12))?
4
What is the value of (4 - (10 + -4)) + 1?
-1
What is the value of (-1 - 0) + 6 + (5 - 12)?
-2
Calculate (2 - (3 + -4) - 1) + 2.
4
Calculate (-5 - (4 - (2 + 1))) + 10.
4
Calculate 6 - (-3 - (-14 - -5)).
0
Calculate -4 + (-13 - -6) + 0.
-11
What is the value of -6 + 9 + -3 + 0?
0
Calculate -4 + -1 + 2 - 1 - -3.
-1
What is -3 - (-2 - (1 - -1) - 2)?
3
Calculate -1 + -2 + 6 + -2.
1
Evaluate 3 + -10 - (16 + -20).
-3
Calculate -7 - 2 - (3 - 11).
-1
What is the value of 4 + -2 + -3 + 2?
1
-1 - -4 - (27 - 27)
3
What is (-2 - 1 - (1 + 0)) + 8?
4
What is the value of (-4 - 1) + 5 + (13 - 6)?
7
Evaluate 7 + (4 - (7 + -2)).
6
Evaluate (8 + -3 - 13) + 2 + 3.
-3
What is 4 - ((7 - 6) + -6) - 4?
5
Evaluate 0 + -4 + 1 + (1 - 1).
-3
Calculate (-6 - -8) + (-3 - (5 - 2)).
-4
What is 8 + 3 + (-6 + 3 - 3)?
5
Evaluate 2 - (8 + -2 + -5 + 6).
-5
-6 + (15 - 14 - (-2 - -1))
-4
Calculate -4 + -5 + 7 - 6 - -2.
-6
What is the value of 5 + -7 - (-1 + 2)?
-3
What is -27 - -29 - (2 - -1)?
-1
What is the value of -1 + 0 + 4 + -12 + 7?
-2
What is the value of (1 - 1) + 6 + (-6 - -1)?
1
What is -2 + (3 - (11 - 6)) - 0?
-4
Calculate -4 + (-7 - -3) + 4.
-4
(-2 + -3 - 3) + 4
-4
Evaluate -11 - (-10 + 11 + -8).
-4
What is 8 - (5 - (6 - 4))?
5
-3 - (-1 + -4 + -1)
3
8 + 4 + -10 - (-3 + 11)
-6
Evaluate (-6 - -2) + 6 - 6.
-4
What is the value of 4 + (-5 + 5 - 8)?
-4
Evaluate -11 + 0 + 2 + (69 - 67).
-7
Calculate -3 - (2 + 0 - (13 + -13)).
-5
What is the value of -10 - (-2 + -9 - 0)?
1
What is -7 + 4 + (-6 + 13 - 6)?
-2
What is (13 - 6 - 3) + (1 - 2)?
3
What is the value of 0 - 8 - (-14 - -8)?
-2
6 + (-5 - (2 + 4 + -4))
-1
Calculate (-1 - -5) + 12 + -20.
-4
What is -55 + 51 + (-1 - -1) - 0?
-4
What is 23 + -8 + -3 + -6?
6
-2 + 10 + -1 + 0 - 4
3
What is 7 + (-25 - -17) + (-2 - -3)?
0
Evaluate -5 + (9 + -7 - 1 - 4).
-8
Calculate -2 - (4 + -3 + 0).
-3
Calculate (2 - -1 - 0) + 1.
4
Evaluate -4 + (5 - (0 + 2)) - -2.
1
Evaluate 1 + (-20 - -8) - -6.
-5
13 + (-13 - (-9 + 3))
6
Evaluate -9 - (0 - 2) - (13 - 21).
1
What is -4 + 2 - -1 - 4?
-5
(12 - 10) + 5 - 17
-10
What is the value of -1 + (-13 - -7) - -9?
2
(2 - 10 - -2) + -2 + 6
-2
What is the value of 4 - -1 - (2 + -1)?
4
Calculate (5 - (3 + 5)) + 8.
5
Evaluate 6 + (-5 - -5) + -12.
-6
(2 - 1 - -1) + (-24 - -20)
-2
What is (-2 + 4 - 0) + -6 - -2?
-2
Evaluate 11 + -9 - (-1 - 2).
5
Calculate -4 + -3 + 7 + 5.
5
(-4 + -3 - 2) + 6
-3
What is the value of -3 + 8 + -5 + 4 + -12?
-8
9 + 9 + (1 - 19)
0
-29 + 25 + (-3 - 0)
-7
Evaluate -4 + (-6 - -16) - -4.
10
What is 2 + 1 - (11 + -11)?
3
What is the value of -18 + 4 + 6 + 5?
-3
What is -2 + (-6 - (4 + -3 + -4))?
-5
What is -5 - (-2 - (1 + (1 - 3)))?
-4
Evaluate -4 + (-3 - -8) - (-3 + 5).
-1
Evaluate 0 - (6 + -5) - -4 - 8.
-5
What is 2 + 2 - (-3 - -2)?
5
Calculate -4 + -2 + 8 + -2 + 0.
0
What is 2 + -3 - (-3 + 5 - -2)?
-5
What is -2 + (1 - -3) - 3?
-1
Evaluate -3 + 3 + 2 - -4 - 5.
1
What is the value of (-16 - -22) + -13 + 1?
-6
What is the value of -6 - (2 - (-8 - -14) - -5)?
-7
Calculate (9 - 20) + -2 + 3 + 3.
-7
What is the value of -1 - (5 - -5) - -6?
-5
Evaluate (-2 - 2 - 1) + 2.
-3
What is 9 - (-4 + (0 - -2) - -6)?
5
Evaluate (-1 - 13) + 85 + -75.
-4
Evaluate -11 + (0 + 4 + -6 - -4).
-9
Evaluate -5 - -8 - -7 - 8.
2
Calculate -3 - (10 - (-3 + 9)).
-7
What is the value of 2 - (-3 + 8) - -5?
2
Evaluate -36 - -26 - (-8 - -4).
-6
Calculate 15 - 18 - (1 - 1).
-3
Evaluate -14 + 14 + 1 + -1 + 1.
1
What is 3 - (1 + 3 + -3 - 1)?
3
-2 + (-3 - -5) + -4
-4
Evaluate 11 - (4 + 2) - 5.
0
Evaluate -186 - -175 - ((-4 - -2) + -1).
-8
What is 11 - (5 + 1) - 7?
-2
Calculate 71 - 79 - (-1 + 6) - -8.
-5
What is (5 - ((-6 - -6) + -2)) + -10?
-3
What is the value of -10 + -1 - (40 + -54)?
3
Evaluate (4 + -4 - -2) + 1.
3
What is (-7 - -14 - 9) + 3?
1
Evaluate -2 + 6 + (1 - 9).
-4
2 - (-10 - (-7 + -1))
4
What is the value of -4 + 1 + 5 + -1?
1
Calculate 0 + -1 + (-82 - -75).
-8
What is -19 + 6 + (4 - (1 + -3))?
-7
What is the value of 1 + -5 + -4 + 10 + -5?
-3
Evaluate 5 - (1 - (-7 + 9 + -4)).
2
Evaluate -1 + 3 + -7 + 3.
-2
Evaluate -2 - 1 - (-22 + 17).
2
What is (-1 - 0) + 28 + -23?
4
Evaluate (0 - 8 - -9) + -9.
-8
Calculate -5 + 2 + (3 - -2) + -2.
0
Calculate -7 + (2 - 3) + 0 + 4.
-4
-43 + 49 + (-7 - 1)
-2
6 - (-4 + 9 + (-5 - -2))
4
What is the value of (-10 + 14 - 9) + 6?
1
What is 1 + (-1 - -2 - -2)?
4
Calculate (4 - 2 - 3) + (-3 - -2).
-2
What is the value of (-1 + 1 - -1) + (6 - 7)?
0
Evaluate -2 + -1 + -3 + 5 - -1.
0
Calculate 